126 is divided by l?
22
Let q = -82 + 119. Let r(o) be the third derivative of -o**6/120 + o**5/12 - o**4/8 + o**3 - 4*o**2. Calculate the remainder when q is divided by r(4).
7
Suppose 5*m = 2*m + 9. Suppose -10*l + 210 = -m*l. What is the remainder when l is divided by 11?
8
Suppose -5*j + 215 = -5*s, -2*j + 66 = -5*s - 29. Let l be -27 + (0 + -6)/(-3). Let f = l + j. Calculate the remainder when 29 is divided by f.
14
Suppose -n - 131 = -4*b - 55, 0 = -2*b + 4*n + 24. Calculate the remainder when 54 is divided by b.
14
Suppose -5*x - 4*f = -9*f - 40, -4*x + 5*f = -31. Calculate the remainder when x is divided by 1.
0
Suppose 7*u - 5*u + 2177 = 5*m, -2*m - 5*u = -865. Calculate the remainder when m is divided by 6.
3
Let g = -41 - -32. Let l(a) = a**2 + 9*a + 9. Calculate the remainder when 51 is divided by l(g).
6
Let n = 33 - 30. Suppose n*a + a - 24 = 0. Let g(l) = l**3 - 4*l**2 + l + 5. What is the remainder when g(4) is divided by a?
3
Suppose -7*l + 9*l = 5*l - 153. Suppose -2*z + 84 = z. What is the remainder when l is divided by z?
23
What is the remainder when 101 is divided by (-2 + 3 - -10)/(2/18)?
2
Suppose -5*g = 11 - 131. Let c(p) = 4*p**2 + 15*p + 6. Let f be c(6). Let l = -193 + f. What is the remainder when l is divided by g?
23
Suppose 31*y - 9*y - 132 = 0. Calculate the remainder when 123 is divided by y.
3
Let f(i) = 14*i + 336 - 165 - 173. What is the remainder when f(3) is divided by 22?
18
Let t be (-13)/(-39) - 248/(-3). Let p = 94 - t. Calculate the remainder when p is divided by 6.
5
Let h(a) = -a**3 + 36*a**2 + 83*a - 41. Calculate the remainder when h(38) is divided by 33.
27
Suppose -16 = -2*n + 8. Suppose 4*x = -2*y + 192, -68 = 4*x - 4*y - 236. Calculate the remainder when x is divided by n.
10
Calculate the remainder when ((-215)/(-20))/((-2)/(-16)) is divided by 1*25 - (-3 + 0) - -1.
28
Let s be 2 - 3 - (-6 - 0). Suppose 2*u + 37 = 3*v, 3*u = -s*v - 2*u + 20. Calculate the remainder when ((-182)/(-21))/(2/v) is divided by 14.
11
Suppose -2*y + 7*y = 40. Let g(f) = 2*f**2 - 3*f - 3. Let c be g(4). Suppose -2 = 3*b - c. Calculate the remainder when y is divided by b.
3
Let d be 1/(-3) - (-172)/12. Suppose -2*z + d = -0*z. Suppose 24*a - 72 = 18*a. Calculate the remainder when a is divided by z.
5
What is the remainder when 3 - (-16 - -19 - (1 - -62)) is divided by 18?
9
Let v = 35 - 14. Let m = -19 + v. Suppose y - 3*y + 6 = 0. What is the remainder when y is divided by m?
1
What is the remainder when (-7 - 33/(-15))/((-6)/105) is divided by 23?
15
Calculate the remainder when 77 is divided by (-8880)/(-340) + 6/(-51).
25
Let r(v) = 2*v**2 + 2*v - 4. Let a be r(-3). Suppose -a*x = -6*x - 6. What is the remainder when 4 is divided by x?
1
Suppose -n = n - 60. Let r = -23 + 38. Calculate the remainder when n is divided by (-234)/(-15) - (-6)/r.
14
Suppose -6*x + 43 = -5*x. Calculate the remainder when x is divided by 25.
18
Let x(d) = d + 4. Let y(q) = 45*q**2 - 9*q - 1. What is the remainder when y(-1) is divided by x(4)?
5
Suppose -4*d - 35 = 2*t + 13, -4*t + d - 69 = 0. What is the remainder when 83 is divided by t/(-2)*(28/3)/4?
20
Suppose -68*z = -49*z - 247. Let g = -39 + 112. Calculate the remainder when g is divided by z.
8
Calculate the remainder when 539 is divided by -13*4/(-104) - (-81)/6.
7
Let c = 318 - 221. Suppose -i + 58 = i + 2*s, 0 = -3*i - 5*s + c. What is the remainder when i is divided by 10?
4
Let x(p) = -p - 10. Let d be x(-10). Suppose 0 = b - d*b - 9. Suppose 4*w + 2*z - 12 = 0, 3*w + 7*z - b = 2*z. What is the remainder when 3 is divided by w?
0
Let m = -336 - -223. Let q = m - -131. What is the remainder when 81 is divided by q?
9
Let y = 830 - 740. Calculate the remainder when 301 is divided by y.
31
Let r = 250 + -193. Calculate the remainder when 853 is divided by r.
55
Suppose -2*p + p = 5*x + 64, 4*p + 222 = -3*x. Let b = 79 + p. What is the remainder when b is divided by 6?
1
Let j(b) be the first derivative of -2*b**2 - 2*b - 1. Let a be j(4). What is the remainder when (14 - -1)*a/(-6) is divided by 24?
21
Let c = 901 + -423. Calculate the remainder when c is divided by 10.
8
Suppose 4*q + 4*s = 120, -2*s - 67 = -2*q + 9. Let t = 68 - q. What is the remainder when t is divided by 8?
2
Let w(f) = f - 4. Suppose -8*y + 210 = -22. Calculate the remainder when y is divided by w(10).
5
Suppose 3*b + 8*d = 7*d + 8, 0 = -b - d. Let t(k) = -k**2 + 6*k + 10. Calculate the remainder when b is divided by t(7).
1
Suppose 24*n = -15*n + 3432. What is the remainder when n is divided by 43?
2
Suppose 4*j - 121 = 43. Let y = -151 + 271. What is the remainder when y is divided by j?
38
Suppose 31*q - 1530 = -3*q. Calculate the remainder when q is divided by 24.
21
Let s(r) = r**3 - 7*r**2 - 14*r - 8. What is the remainder when 473 is divided by s(9)?
25
Let t(k) = 25*k + 32. Let z(x) = 27*x + 33. Let h(m) = 6*t(m) - 5*z(m). Calculate the remainder when h(5) is divided by 21.
18
Suppose 1125 = 14*l - 849. What is the remainder when l is divided by 50?
41
Let m be 14/21 + (-1)/(6/(-980)). Suppose -3*y - y = -m. What is the remainder when y is divided by 14?
13
Suppose 2*i = 4*s - 3 + 5, i = -3*s + 6. Suppose i*d - 32 = d. What is the remainder when (-21)/(((-6)/(-4))/((-11)/2)) is divided by d?
13
Suppose -5*g + 29 = -26. Suppose -b + 11 = -g. Suppose -5*c + 12 = -4*c. Calculate the remainder when b is divided by c.
10
What is the remainder when (-2)/(-3)*369/6 is divided by 9?
5
Let d(u) = -3*u**3 - 3*u**2 - 4*u - 1. Suppose 2*j - 22 = 22. What is the remainder when d(-3) is divided by j?
21
Suppose -4*m + 299 = 3*y, -2*y - 30 = m - 111. Let g = 127 - m. Let z = -44 - -59. Calculate the remainder when g is divided by z.
11
Let k be (-13)/1*(-3 - -2). Let q = 8 - k. Let m = 13 + q. What is the remainder when 15 is divided by m?
7
Let u = 337 - 304. Calculate the remainder when 33 is divided by u.
0
Suppose 25*q = 893 - 143. Suppose -3*o - 66 = -3*d, 4*o - 81 = -4*d + 39. What is the remainder when q is divided by d?
4
Let o(x) = x - 12. Let l be o(0). Let z be ((-63)/12)/(l/128). Calculate the remainder when 3/(3*4/z) is divided by 8.
6
Let h = -3 + 12. Let c = -10 + 6. What is the remainder when c/(-6) + (-280)/(-12) is divided by h?
6
Let r(p) = 2*p**3 + 9*p**2 - 16*p - 36. Let i = 17 + -10. Calculate the remainder when r(-5) is divided by i.
5
Suppose 108*m = 114*m - 120. Calculate the remainder when 37 is divided by m.
17
Suppose -5*f + f - 12 = 0. Let q(g) = g**3 + 7*g**2 + 8*g + 9. What is the remainder when q(-3) is divided by 1/1*(f + 11)?
5
Let a(k) = k**3 - 4*k**2 + 11*k - 6. Let g be (-3)/(6/(-8)) + 2. Let o = 14 + g. What is the remainder when a(5) is divided by o?
14
Let t = 9 + -17. Let h = -6 - -50. What is the remainder when h is divided by 1 - -12 - (1*t)/(-2)?
8
Suppose 5*y - 4*y - 2*s = 50, -2*y = -s - 106. Let c = -52 + 131. Let v = c - y. Calculate the remainder when 74 is divided by v.
24
Suppose 7*b - 4*b = 12, -b = 4*f - 12. What is the remainder when 28 is divided by f?
0
Suppose -370 = -16*u + 110. What is the remainder when u is divided by 12?
6
What is the remainder when 18/(-135) - -2*(-19002)/(-180) is divided by 47?
23
Suppose -f - 14 = -3*f. Suppose -4*k + 5*j = 5, 0 = -4*k + 2*j + 10 - 0. Calculate the remainder when f is divided by k.
2
What is the remainder when 64 is divided by 9/(-27)*162/(5 + -11)?
1
Suppose 7*s = 6*s + 14. Suppose -4*u + 389 = 5. Calculate the remainder when u is divided by s.
12
Let l(d) = d**3 - d**2 + 12*d - 29. Calculate the remainder when 647 is divided by l(3).
22
Suppose -3*r + 3*c = -33, 7*c = 5*r + 3*c - 52. Suppose 0*s = r*s - 104. Calculate the remainder when s is divided by 7.
6
Let o be 4/(-18) - 8/(-36). Suppose o = y - 0*y + 2. What is the remainder when y*-49*1/2 is divided by 25?
24
Suppose 0 = -11*c + 21*c - 90. Suppose 0 = 4*f + 2*x + 25 - 129, -3*x - 108 = -5*f. Calculate the remainder when (f/c + -2)*54 is divided by 19.
17
Let b(n) = 5*n**2 + 8*n + 8. What is the remainder when b(-7) is divided by 67?
63
Suppose -5*v = 15, 3*x - 5*x + 2*v + 32 = 0. Let o(z) = -z**2 + 20*z - 9. Calculate the remainder when o(x) is divided by 21.
19
Suppose f - 7*y - 6 = 0, 6*f - 4*y = f + 30. Calculate the remainder when 46 is divid